6
b7d2
Convert -64302 (base 7) to base 10.
-15927
Convert -3671045 (base 9) to base 10.
-1995314
What is -110101011122010 (base 3) in base 12?
-2252510
What is -6330a (base 11) in base 6?
-1550524
-100120110011 (base 3) to base 15
-3ac5a
3313112203 (base 4) to base 13
296200
-77947 (base 14) to base 9
-481653
Convert 45023445 (base 6) to base 3.
2112220200102
Convert 16b503 (base 12) to base 4.
1133330103
-11101010000100110 (base 2) to base 15
-2579b
-8b81b (base 12) to base 15
-3a1eb
-21128 (base 11) to base 15
-91ae
562e (base 16) to base 3
1010021010
What is -733b (base 13) in base 16?
-3e40
Convert -110010110110101001110 (base 2) to base 13.
-464633
What is 2220022101 (base 3) in base 2?
1101111100000000
Convert 323232012 (base 4) to base 16.
3bb86
5421642 (base 10) to base 15
72162c
-208641 (base 11) to base 4
-1101123101
200154350 (base 6) to base 7
40453110
Convert 210695 (base 11) to base 7.
2604115
Convert -138a04 (base 11) to base 9.
-360388
Convert -1482228 (base 10) to base 9.
-2708210
Convert -13530316 (base 7) to base 4.
-10311202300
4427511 (base 9) to base 2
1001000101001100111000
What is -112220120212 (base 3) in base 8?
-1075156
Convert -32053454 (base 6) to base 2.
-11100101100110001010
Convert 4870d (base 16) to base 5.
33443332
Convert 22727 (base 13) to base 7.
350615
What is -142554 (base 13) in base 14?
-cac45
Convert 102233021321 (base 4) to base 10.
4911737
What is 2063919 (base 11) in base 9?
6751667
Convert 10221122131 (base 4) to base 9.
2256051
603265 (base 7) to base 14
2926c
11a55 (base 13) to base 16
7f06
What is -1455462 (base 7) in base 8?
-604265
Convert -11d39b (base 14) to base 2.
-10010101100100011101
Convert 264503 (base 7) to base 15.
ea95
Convert 186c1a (base 13) to base 8.
2261146
What is 126349 (base 12) in base 16?
49869
Convert -459394 (base 10) to base 14.
-bd5bc
178572 (base 13) to base 16
8ffa6
What is 20386d6 (base 14) in base 13?
31c15ac
21121331330 (base 4) to base 12
9aaa78
-330234411 (base 5) to base 7
-15012211
Convert -85881 (base 11) to base 14.
-336d2
What is -a1ce5 (base 15) in base 13?
-14c3a2
What is -24006600 (base 7) in base 4?
-20011211202
Convert 2324244140 (base 5) to base 4.
110033130322
-466766 (base 10) to base 5
-104414031
What is 11317b (base 12) in base 14?
72303
Convert -638a (base 12) to base 4.
-2222122
Convert 4424a (base 12) to base 10.
90202
What is -5353033 (base 7) in base 12?
-2751a4
Convert 71c19 (base 14) to base 10.
274031
Convert 10111101001001011 (base 2) to base 13.
35106
What is 17172613 (base 9) in base 4?
200312003010
What is 10110000101000011111011 (base 2) in base 15?
794dee
Convert ed5b0 (base 15) to base 10.
753915
What is 134308 (base 9) in base 12?
3b48b
-25422550 (base 7) to base 11
-133730a
333201221 (base 5) to base 14
29dca5
What is -9249 (base 11) in base 4?
-2333302
Convert -1304648 (base 9) to base 2.
-10101101110101100010
What is 313026 (base 12) in base 2?
10111100100101011110
Convert 12fce6 (base 16) to base 4.
10233303212
Convert -142434442 (base 5) to base 8.
-2667474
-2253018 (base 11) to base 3
-21102022000100
What is -11101010010011100100101 (base 2) in base 5?
-3431141413
Convert 25312403 (base 6) to base 5.
202141410
Convert -443 (base 11) to base 16.
-213
Convert 13b7e (base 15) to base 4.
33131300
-445218 (base 15) to base 12
-1111058
Convert 65797 (base 14) to base 15.
4cc16
What is -a149e (base 15) in base 11?
-31974a
What is -11766680 (base 9) in base 15?
-790386
Convert -16331 (base 13) to base 3.
-2011000022
Convert 322030 (base 6) to base 13.
c006
92c04 (base 14) to base 4
1112110310
Convert -51a42 (base 16) to base 7.
-2561635
What is -100011110001100100 (base 2) in base 8?
-436144
631614 (base 7) to base 12
52a99
142570 (base 14) to base 7
5635100
What is -113141314 (base 5) in base 10?
-521459
a1128 (base 12) to base 5
23144024
What is -64a9a (base 11) in base 3?
-11210121121
-339dd1 (base 14) to base 8
-6545763
1010111011101001100011 (base 2) to base 15
3b91ad
-a8ac0 (base 14) to base 10
-408240
What is 31207501 (base 8) in base 2?
11001010000111101000001
What is 317388 (base 11) in base 15?
a05d0
-3046360 (base 7) to base 4
-1121003332
Convert -42552233 (base 6) to base 16.
-1335bd
Convert 43301521 (base 7) to base 16.
386ddf
What is -986457 (base 12) in base 2?
-1001001101111100000011
Convert 41516646 (base 7) to base 9.
6524873
What is 1101136 (base 12) in base 6?
153212510
What is ab805 (base 12) in base 9?
376085
-100012012022 (base 3) to base 8
-541307
1125f (base 16) to base 10
70239
Convert -101011101011000 (base 2) to base 12.
-10b34
What is -11487db (base 14) in base 15?
-accc61
What is -101111000111110000000111 (base 2) in base 12?
-4178547
What is -4403221 (base 5) in base 14?
-1d6c4
Convert -12023112001 (base 4) to base 7.
-16523035
What is -200a152 (base 11) in base 3?
-20200200202022
What is 6459 (base 16) in base 9?
38213
Convert -2124431 (base 8) to base 16.
-8a919
11001111010001001011 (base 2) to base 11
52a932
Convert 4352015 (base 7) to base 13.
158c15
What is 904 (base 13) in base 2?
10111110101
-12571264 (base 8) to base 11
-1652758
Convert 61081 (base 13) to base 5.
21024133
What is -1221210110010 (base 3) in base 11?
-64a804
38b93b (base 12) to base 3
1202101110202
What is -10211231001 (base 4) in base 7?
-13140213
269628 (base 14) to base 6
44314524
What is 210540 (base 11) in base 10?
337392
43b5a17 (base 12) to base 11
7330518
-e2a7 (base 16) to base 11
-3a659
-7575375 (base 10) to base 13
-1753092
-31032111230 (base 4) to base 6
-202145032
Convert -220322010 (base 4) to base 12.
-80b70
Convert -1101001111011000111 (base 2) to base 14.
-b4183
What is 1001101001110111 (base 2) in base 14?
105a7
Convert -79aab (base 12) to base 10.
-162275
What is 2141182 (base 9) in base 10?
1149059
59763 (base 11) to base 3
11101002220
Convert 10001000001010010101011 (base 2) to base 11.
2578197
What is -91369 (base 14) in base 3?
-122201222012
Convert -960757 (base 11) to base 7.
-16034406
-1212222112 (base 4) to base 6
-13002434
Convert -1001001001111000001 (base 2) to base 13.
-a66c7
31152636 (base 7) to base 3
11221000100120
34142414 (base 5) to base 4
1021330023
-2579731 (base 10) to base 4
-21311310103
Convert 1618a4 (base 15) to base 5.
233142304
d87b35 (base 15) to base 6
1004455105
What is -1530192 (base 11) in base 7?
-31164200
What is -323443 (base 5) in base 16?
-2b73
-170450 (base 11) to base 8
-1003615
2231201 (base 5) to base 15
babb
What is 2335140 (base 6) in base 2?
11101101101000100
What is 927a51 (base 12) in base 8?
10601435
What is 3236101 (base 9) in base 2?
110100111111101110000
Convert 82394a5 (base 11) to base 14.
1d0ac39
What is -20311120 (base 5) in base 4?
-220220022
What is -58c7 (base 13) in base 16?
-30d4
What is -4506 (base 11) in base 16?
-172f
-9e60eb (base 15) to base 9
-15207265
Convert 101011110001110011 (base 2) to base 10.
179315
What is 11255288 (base 9) in base 12?
19b9068
What is 35312231 (base 6) in base 7?
12222565
-1341525151 (base 6) to base 5
-13134404223
What is -506837 (base 9) in base 12?
-125951
16749b (base 12) to base 5
44323124
113032441 (base 6) to base 5
1014312014
Convert -197864 (base 10) to base 3.
-101001102022
Convert -322380 (base 10) to base 12.
-136690
What is 20cc98 (base 13) in base 5?
144133403
Convert -110001142 (base 5) to base 11.
-2a0343
Convert 455110 (base 8) to base 4.
211221020
c96036 (base 13) to base 8
22016040
2624455 (base 7) to base 15
6b76a
-43443231 (base 5) to base 14
-9a848
What is -144104023 (base 5) in base 8?
-2736357
12c3149 (base 15) to base 8
63464376
What is 41972 (base 10) in base 8?
121764
-70324 (base 11) to base 7
-605634
-50770066 (base 8) to base 12
-372161a
Convert 290409 (base 11) to base 3.
212002021022
What is -2102224 (base 7) in base 6?
-5230511
-10012001011212 (base 3) to base 2
-110011101011110011110
Convert -35486a (base 11) to base 15.
-b1b01
1013258 (base 10) to base 16
f760a
Convert 351504 (base 7) to base 5.
4004033
What is 2295759 (base 12) in base 9?
13478886
Convert -ae40 (base 15) to base 5.
-2140320
4423454 (base 6) to base 13
79873
Convert -1622734 (base 8) to base 12.
-1a7110
What is 12eac (base 16) in base 12?
38a10
What is -13527b (base 12) in base 11?
-1a9517
Convert -133630 (base 9) to 